of 241829?
8
What is the ten thousands digit of 143041?
4
What is the millions digit of 22827494?
2
What is the hundreds digit of 486091?
0
What is the thousands digit of 85821?
5
What is the thousands digit of 36222198?
2
What is the thousands digit of 62504?
2
What is the thousands digit of 67612?
7
What is the units digit of 439383?
3
What is the hundreds digit of 171747?
7
What is the ten thousands digit of 190704?
9
What is the hundred thousands digit of 11240017?
2
What is the ten thousands digit of 5981117?
8
What is the ten thousands digit of 34981195?
8
What is the ten thousands digit of 807055?
0
What is the tens digit of 6022766?
6
What is the ten thousands digit of 5112879?
1
What is the hundred thousands digit of 848105?
8
What is the ten thousands digit of 636124?
3
What is the tens digit of 1626711?
1
What is the thousands digit of 292111?
2
What is the ten thousands digit of 143288?
4
What is the units digit of 922535?
5
What is the units digit of 259056?
6
What is the hundred thousands digit of 366359?
3
What is the tens digit of 333991?
9
What is the hundreds digit of 26320?
3
What is the hundreds digit of 8631518?
5
What is the thousands digit of 420497?
0
What is the ten thousands digit of 6327207?
2
What is the ten thousands digit of 141672?
4
What is the hundreds digit of 16515949?
9
What is the ten thousands digit of 50911?
5
What is the tens digit of 3370165?
6
What is the tens digit of 644269?
6
What is the millions digit of 24839282?
4
What is the ten thousands digit of 1773302?
7
What is the hundreds digit of 185826?
8
What is the ten thousands digit of 261338?
6
What is the ten thousands digit of 523971?
2
What is the ten thousands digit of 4971510?
7
What is the thousands digit of 257750?
7
What is the hundreds digit of 551625?
6
What is the units digit of 3464085?
5
What is the tens digit of 543540?
4
What is the tens digit of 283799?
9
What is the thousands digit of 3308965?
8
What is the thousands digit of 6082870?
2
What is the ten thousands digit of 141075?
4
What is the tens digit of 2116648?
4
What is the ten millions digit of 23978960?
2
What is the hundreds digit of 15119171?
1
What is the hundreds digit of 19867701?
7
What is the units digit of 260779?
9
What is the millions digit of 11654437?
1
What is the hundred thousands digit of 139687?
1
What is the units digit of 509605?
5
What is the tens digit of 1388952?
5
What is the hundred thousands digit of 568049?
5
What is the hundreds digit of 1185615?
6
What is the thousands digit of 487018?
7
What is the tens digit of 1193538?
3
What is the ten millions digit of 19126894?
1
What is the ten thousands digit of 6524260?
2
What is the hundred thousands digit of 6744076?
7
What is the hundreds digit of 140101?
1
What is the ten thousands digit of 743448?
4
What is the ten thousands digit of 32893?
3
What is the hundreds digit of 633455?
4
What is the ten millions digit of 13540657?
1
What is the tens digit of 28881635?
3
What is the units digit of 30739?
9
What is the ten thousands digit of 81347?
8
What is the tens digit of 773199?
9
What is the units digit of 1996514?
4
What is the hundred thousands digit of 164228?
1
What is the tens digit of 3448397?
9
What is the units digit of 434355?
5
What is the thousands digit of 799442?
9
What is the hundreds digit of 144755?
7
What is the thousands digit of 10487196?
7
What is the ten thousands digit of 164945?
6
What is the thousands digit of 3526076?
6
What is the tens digit of 358199?
9
What is the tens digit of 5101570?
7
What is the hundred thousands digit of 1597436?
5
What is the hundreds digit of 129010?
0
What is the ten thousands digit of 496340?
9
What is the tens digit of 8178432?
3
What is the units digit of 2965501?
1
What is the hundred thousands digit of 232020?
2
What is the ten thousands digit of 682430?
8
What is the tens digit of 102050?
5
What is the hundred thousands digit of 11309855?
3
What is the hundred thousands digit of 239776?
2
What is the hundreds digit of 10902536?
5
What is the ten thousands digit of 11931775?
3
What is the ten thousands digit of 55825?
5
What is the tens digit of 2353025?
2
What is the ten thousands digit of 270341?
7
What is the hundreds digit of 167654?
6
What is the hundreds digit of 2655616?
6
What is the hundred thousands digit of 1471658?
4
What is the tens digit of 226770?
7
What is the units digit of 15694143?
3
What is the tens digit of 243418?
1
What is the tens digit of 29918888?
8
What is the units digit of 161435?
5
What is the millions digit of 2799900?
2
What is the thousands digit of 1510911?
0
What is the hundreds digit of 4311208?
2
What is the tens digit of 27425386?
8
What is the thousands digit of 9023237?
3
What is the thousands digit of 252262?
2
What is the tens digit of 3248679?
7
What is the thousands digit of 2060477?
0
What is the ten thousands digit of 49135?
4
What is the thousands digit of 16694895?
4
What is the hundred thousands digit of 16555157?
5
What is the ten thousands digit of 5372503?
7
What is the millions digit of 9531686?
9
What is the hundreds digit of 180336?
3
What is the hundred thousands digit of 105260?
1
What is the hundred thousands digit of 2556036?
5
What is the hundred thousands digit of 3226236?
2
What is the thousands digit of 10901095?
1
What is the thousands digit of 202552?
2
What is the ten thousands digit of 78243?
7
What is the hundred thousands digit of 120460?
1
What is the hundred thousands digit of 1325896?
3
What is the ten millions digit of 15748877?
1
What is the millions digit of 7349680?
7
What is the units digit of 733484?
4
What is the ten thousands digit of 1341751?
4
What is the thousands digit of 23924612?
4
What is the millions digit of 1115433?
1
What is the thousands digit of 382693?
2
What is the units digit of 1590556?
6
What is the units digit of 9113601?
1
What is the ten thousands digit of 251775?
5
What is the units digit of 387177?
7
What is the hundred thousands digit of 173759?
1
What is the ten millions digit of 15282229?
1
What is the hundreds digit of 251303?
3
What is the units digit of 36128?
8
What is the ten millions digit of 12397356?
1
What is the units digit of 640511?
1
What is the tens digit of 704328?
2
What is the units digit of 8234123?
3
What is the ten thousands digit of 445183?
4
What is the tens digit of 237453?
5
What is the units digit of 113184?
4
What is the ten thousands digit of 5963893?
6
What is the units digit of 25379349?
9
What is the thousands digit of 22845434?
5
What is the hundreds digit of 79834?
8
What is the ten thousands digit of 2879696?
7
What is the hundreds digit of 1686194?
1
What is the ten thousands digit of 119053?
1
What is the thousands digit of 8825580?
5
What is the hundred thousands digit of 2073883?
0
What is the thousands digit of 16045?
6
What is the ten thousands digit of 350392?
5
What is the thousands digit of 971927?
1
What is the hundreds digit of 2836086?
0
What is the millions digit of 4284562?
4
What is the hundred thousands digit of 8673151?
6
What is the hundred thousands digit of 4886117?
8
What is the hundreds digit of 2752211?
2
What is the ten thousands digit of 260779?
6
What is the units digit of 275610?
0
What is the ten millions digit of 20686554?
2
What is the hundreds digit of 1183084?
0
What is the ten thousands digit of 283109?
8
What is the hundreds digit of 131408?
4
What is the units digit of 306736?
6
What is the thousands digit of 156115?
6
What is the units digit of 115820?
0
What is the ten thousands digit of 610117?
1
What is the hundreds digit of 877044?
0
What is the ten thousands digit of 11756264?
5
What is the thousands digit of 655596?
5
What is the units digit of 213320?
0
What is the hundred thousands digit of 849191?
8
What is the millions digit of 5373496?
5
What is the units digit of 836598?
8
What is the units digit of 6290764?
4
What is the units digit of 153156?
6
What is the units digit of 3140297?
7
What is the tens digit of 208069?
6
What is the ten thousands digit of 14833063?
3
What is the thousands digit of 643689?
3
What is the units digit of 1805265?
5
What is the ten thousands digit of 4103245?
0
What is the units digit of 1146012?
2
What is the hundreds digit of 13